x + 7*x + 2*p - z. What is the hundreds digit of x?
4
Let q = -6568 - -12854. What is the thousands digit of q?
6
Let x = 4413 + -4270. What is the tens digit of x?
4
Let d(t) = 391*t - 9971. What is the units digit of d(46)?
5
Let q = -69 + 65. What is the tens digit of ((-1120)/49)/(q/14)?
8
Let k(h) be the first derivative of -59*h**4/24 - 2*h**3/3 - 27*h**2/2 - 10. Let b(l) be the second derivative of k(l). What is the hundreds digit of b(-2)?
1
Suppose -5*m + 84 = 44. Let x(v) = 2*v**3 - 5*v**2 - 27*v - 5. What is the units digit of x(m)?
3
What is the tens digit of (-128994)/(-9) + 7 - 1/(-3)?
4
Let f be (72/(-5))/(-4)*(-30)/9. Let v be -1*4*f/12. Suppose 3*h - v*h = -173. What is the hundreds digit of h?
1
Let g(w) = -24*w**2 - 13*w + 25*w**2 + 24 - 8*w + 13. Let o = 93 - 72. What is the units digit of g(o)?
7
Let j(d) = -29*d**3 + 5*d - 28*d**3 + 20 + 58*d**3 - 16*d**2. Let s be j(16). Suppose 0 = 2*b - 0*b - 5*p - 179, b - s = -p. What is the tens digit of b?
9
Let c = -765 + 431. Let n = c - -388. What is the tens digit of n?
5
Suppose -2*h - k = -7852, -131*h + 136*h - 19644 = k. What is the tens digit of h?
2
Let n = -263 + 303. What is the units digit of (n - 35)*1/1?
5
Suppose 61*l = 4*c + 62*l - 28945, 2*l + 14470 = 2*c. What is the thousands digit of c?
7
Suppose 3*s = -2*c + 6, -c - 3*c - 8 = s. Let b be (-4)/s*(3/(-3) + -4). Suppose -3*m - m = -3*i + 245, 3*i - b*m = 247. What is the tens digit of i?
7
Suppose 13*j = 50*j - 91205. What is the hundreds digit of j?
4
Let z(g) be the first derivative of g**4/2 - 3*g**3 - 5*g**2/2 - 19*g - 21. What is the units digit of z(8)?
9
Suppose 0 = -3*u + 320*f - 319*f + 36678, 0 = -2*u - 5*f + 24452. What is the units digit of u?
6
Suppose -4*b - 325 - 61 = -2*m, 5*m - 965 = -b. Suppose 0 = -5*a - m + 573. Let i = a - 16. What is the tens digit of i?
6
Suppose 0 = -d - 0 - 0. What is the hundreds digit of (d + 358 - 1) + 101/101?
3
Let x(n) = -5*n + 13. Let a be x(6). Let b(h) = h**2 + 19*h + 6. Let m be b(a). What is the units digit of ((-4)/14)/(4/m) + 109?
1
Let z be 310/((-133)/(-196) + 15/(-35)). What is the units digit of (-1 - -13)/(30/z)?
6
Suppose -169347 = -29*g - 18151 + 115604. What is the tens digit of g?
0
Suppose t - 8151 = 3*x, -128*t + 123*t + 5*x + 40695 = 0. What is the tens digit of t?
3
Let x(v) = -3295*v - 123. Let a be x(-5). What is the hundreds digit of 2/(-25) - a/(-25)?
6
Suppose -19032 = -252*d + 240*d. Let h = d + -1108. What is the hundreds digit of h?
4
Suppose 145*x + 5*h = 149*x - 321258, -4*x - 4*h + 321240 = 0. What is the thousands digit of x?
0
Let n = 45 + -46. Let s be 140 + (-12)/(-2 + n). Suppose 2*d - 28 - 107 = 5*p, 2*d + 4*p = s. What is the tens digit of d?
7
Suppose -x + 3 = -0*x + 4*i, x - i = 3. Suppose 7 = x*s + 37. Let h = 48 + s. What is the units digit of h?
8
Let l(c) = 870*c**2 - 97*c - 861. What is the ten thousands digit of l(-9)?
7
What is the units digit of (0 + 1938/(-8))*144892/(-407)?
1
Suppose 2*y = -2*m + 4*y + 9574, 5*m + 3*y - 23983 = 0. What is the thousands digit of m?
4
Suppose -17*a = 14 - 48. Suppose a*w - o - 1105 = 0, o - 3048 = -4*w - 853. What is the hundreds digit of w?
5
Let d(l) = l**2 - 6*l - 25. Let g be d(-3). Let i be 2/(1/(-2 - 16)). What is the tens digit of 14/(-7) - (-1 - (g - i))?
3
What is the units digit of ((-3330)/(-35) + 0)/((-22)/(-3388))?
2
What is the units digit of (-36962)/(-6)*1*29/(58/6)?
1
Suppose 2*z - 7*z = 4*j - 45, -j - 3*z + 20 = 0. Suppose -4*a + a - 5 = j*h, 5*a + 4 = -4*h. What is the tens digit of (-3)/((a - 2)/20)?
3
Let i = -17074 + 28678. What is the hundreds digit of i?
6
Let i(h) = h**3 - 21*h**2 + 18*h + 38. Let t be i(20). What is the hundreds digit of 3 - (-2)/t*-883?
8
Suppose -9*x + 8*x + 2450 = 0. Suppose -4*w + 1245 = 4*n - 711, -5*w - 4*n + x = 0. What is the units digit of w?
4
Let u be 28/(-182) + (-41)/(-13). Let f be (u + (-3 - -2))/(8/(-20)). Let c(j) = -j**3 + 4*j**2 + 5*j - 11. What is the hundreds digit of c(f)?
1
Suppose -3207 = -f - w + 1063, -w = -3*f + 12782. What is the thousands digit of f?
4
Let c be ((-54)/(-4))/((-753)/(-744) + -1). Suppose -r - 228 + c = 3*i, 296 = i - r. What is the units digit of i?
6
Let x(u) = 76*u**2 + u + 5. Let a be -1 + 2 - (1 + -2). What is the hundreds digit of x(a)?
3
Suppose -d = -2*s + 12, -8*d + 3*s = -3*d + 53. What is the tens digit of ((-192)/(-15) - d)*(-140)/(-6)?
3
Let x be -17 + (-1)/(5/(-5)). Let n = 24 + x. Suppose 13*d - n*d = 185. What is the units digit of d?
7
Let x be 7/(-21) - (-17)/(-3). What is the hundreds digit of (-9264)/(-32)*(-16)/x?
7
Let r(v) be the second derivative of -11*v**3/2 - 31*v**2 + v - 14. What is the hundreds digit of r(-7)?
1
Let z(g) = -648*g + 1489. What is the hundreds digit of z(-17)?
5
What is the tens digit of 8529144/234*3/2?
7
Suppose 5*m + 850 = 2250. Suppose 0 = -3*x + 6*h - 2*h + 406, -2*x + 5*h = -m. Suppose -24 = w - x. What is the tens digit of w?
0
Let x be 81/2*(2 + -6). Suppose 7432 = 35*z - 3278. Let f = x + z. What is the tens digit of f?
4
Let h(q) = -5*q**3 - 19*q**2 - 14*q - 24. Let k(t) = 2*t**2 - t. Let n(x) = h(x) + 4*k(x). What is the hundreds digit of n(-6)?
7
What is the units digit of -7 + (12 - -2) - (-13676 + 1)?
2
Suppose -2*l = -0*y - 2*y + 7188, -18002 = -5*y - 3*l. What is the thousands digit of y?
3
Let r = -214 + 218. What is the tens digit of (1254/(-55))/(r/(-60))?
4
Let k(d) = 84*d**2 - 104*d - 529. What is the thousands digit of k(-6)?
3
Suppose 2*m - 209 - 47 = 0. Suppose 6*s - 2*s = m. Let u = 35 - s. What is the units digit of u?
3
Let l = 64 + -71. Let r be 12/84 + 113/l. What is the tens digit of (r/(-3))/(-4 - 618/(-153))?
3
Let z = 56399 + -34473. What is the tens digit of z?
2
Suppose 156*l - s = 155*l + 1400, -3*l - s = -4196. What is the thousands digit of l?
1
What is the tens digit of 0 + (-3)/(12/(-39764)) + 1?
4
Let p(r) = -r**3 - r**2 - r - 1. Let x(a) = -324*a**3 - 5*a**2 - 3*a. Let q(i) = 2*p(i) - x(i). What is the units digit of q(1)?
4
Suppose -8*a + 12 + 4 = 0. Suppose 2*h = -v + 93, 0*v + 105 = a*h - 3*v. What is the tens digit of h?
4
Let n be (-18)/4*-332*(-3)/(-18). Suppose -1014 = 246*j - n*j. What is the units digit of j?
8
Let r(n) = n**3 - 10*n**2 - 4*n + 10. Let k be r(10). Let s = -30 - k. Suppose s = 2*c + c + b - 35, 3*c - 3*b = 39. What is the units digit of c?
2
Suppose 134 = 5*m + 3*n - 415, -4*m - 4*n + 444 = 0. Suppose t - 2*d = 390, 4*d + m - 480 = -t. What is the hundreds digit of t?
3
Let u = -17654 + 37014. What is the tens digit of u?
6
Let m = -7816 + 14887. What is the tens digit of m?
7
Let r = -2379 - -4638. Let l = r - 1398. What is the units digit of l?
1
Let x(j) = -8*j + 67. Let b be x(8). Let f(o) = -o - b + 28*o - 2*o. What is the hundreds digit of f(8)?
1
Let r = 67 - 42. Let w = 8 + r. Suppose w*o = 38*o - 575. What is the hundreds digit of o?
1
Let r be 5*((-1 + -4)/(-5) - 0). Suppose 205 = t + r*c, -5*t + 4*c + 652 = -373. What is the units digit of t?
5
Suppose -44*r + 41*r + 12 = 0. Suppose l + 0*l - 396 = 5*z, -r*l = z - 1647. What is the tens digit of l?
1
Let g(d) = 16*d**2 - 49*d + 4. Let m be g(-11). Suppose -23*k = -7434 - m. What is the units digit of k?
1
Suppose 616 = -3*b + 460. What is the hundreds digit of 16071/39 + 4/b?
4
Let p be 1344/(-15) - (-3 + (-34)/(-10)). Let s = 115 - p. What is the tens digit of s?
0
Let t = 4340 - -2234. What is the tens digit of t?
7
Let v = 243 + -179. Let p = v + 186. What is the hundreds digit of p?
2
Suppose 2*w - 774 = -3*n, -4*w + 4*n + 398 = -3*w. Let h = 398 - w. What is the units digit of h?
8
Suppose 15*t - 3211 + 69103 = 53*t. What is the tens digit of t?
3
Let w be ((-6 - -1) + 2)/(6/8). What is the units digit of 6*(-5690)/(-120) - (-2)/w?
4
Let b = -156 + 150. Let u(d) = -258*d - 106. What is the thousands digit of u(b)?
1
Let u be (16/(-4))/(-4)*-14. Let r = u + 75. What is the tens digit of r?
6
Let i(h) = 2*h**2 + 6*h + 5. Let q be i(-3). Suppose -3*r + 233 = r + 5*f, 4*r - q*f = 223. Let u = 76 - r. What is the units digit of u?
9
Let a(g) = 91*g**2 + 56*g + 304. What is the hundreds digit of a(-6)?
2
Let q(j) = j**3 + j**2 - j + 7. Let a be q(0). Let y(c) = -18*c - 16. Let m be y(-1). Suppose m*g - 288 = -a*g. What is the